vided by 33.
30
Suppose 0 = -4*y + 6*y + 4, 0 = -5*h + 5*y + 30. Suppose 3*l + 55 = h*x, -2*x = -5*x - 5*l + 63. What is the remainder when 62 is divided by x?
14
Suppose 2*x - 9 + 1 = 0. Suppose 47 = f + 2*j, -x*j - 178 - 22 = -4*f. Calculate the remainder when f is divided by 17.
15
Suppose 3*v - 7 = 5. What is the remainder when 8 is divided by ((-14)/21)/(v/(-18))?
2
Let y(q) = 2*q**2 - 8*q + 5. Let l be y(5). Suppose -4*k = 3*a - 104, -2*k + k + 2*a + l = 0. Calculate the remainder when 91 is divided by k.
22
Suppose 0 = r - 44 - 14. Suppose 2*l = 4*i + i + r, 5*i = 0. Let p = -16 + l. Calculate the remainder when p is divided by 7.
6
Suppose 469 = 14*y + 133. What is the remainder when 84 is divided by y?
12
Let d(f) = 3*f + 6*f**2 - 6*f - 9*f + 2*f - 8 + f**3. What is the remainder when d(-6) is divided by 11?
8
Let n = -25 + 35. Let v = 9 - -10. What is the remainder when v is divided by n?
9
Let n = 85 - 62. Let v = -7 + 51. Calculate the remainder when v is divided by n.
21
Let s be ((-6)/10)/((-1)/15). Suppose -s*q + 92 = 38. Suppose -4*c + 3*z + 28 = 7*z, -12 = 4*c - 4*z. Calculate the remainder when q is divided by c.
0
Suppose -q - 45 = -6*q. Let x = q + 6. Calculate the remainder when x is divided by 8.
7
Let f(l) = l + 28. Calculate the remainder when 94 is divided by f(-12).
14
Let x = 28 + -24. What is the remainder when 9 is divided by x?
1
Suppose 4*x = a + 11, 5*a + 4 = 5*x - 6. Suppose x*m + 1 = 25. Calculate the remainder when 14 is divided by m.
6
Suppose 2*u = -0*u + 58. Calculate the remainder when u is divided by 15.
14
Suppose -5*b = 5*g - 15, 4 = 3*b + 5*g + 1. Calculate the remainder when 39 is divided by b.
3
Let l(f) = 2*f + 49. Calculate the remainder when 26 is divided by l(-21).
5
Let s = 86 - 84. Calculate the remainder when (-1)/(-2) - (-10)/4 is divided by s.
1
Suppose 2*y - 9*k - 105 = -12*k, -3*k = 3*y - 165. What is the remainder when y is divided by 9?
6
Let u(w) = 47*w**3 + 4*w**2 + 2*w + 3. Let l(j) = j**3 + j**2 + 1. Let p(x) = 2*l(x) - u(x). What is the remainder when p(-1) is divided by 15?
14
Suppose -2*d - 4*a = -0*d - 4, 4*a = 5*d - 10. What is the remainder when d is divided by 1?
0
Suppose 334 + 20 = 4*l + 5*h, -5*l = -4*h - 422. What is the remainder when l is divided by 22?
20
Let b = -19 + 38. Calculate the remainder when b is divided by 11.
8
Let n(x) = -x + 5. Let k be n(3). Suppose 5*q - 28 + 83 = 2*y, 0 = -4*y + 5*q + 85. Let h = y - k. Calculate the remainder when h is divided by 7.
6
Let t = 8 + 3. What is the remainder when 41 is divided by t?
8
Suppose -3*u - 2*u + 95 = 0. What is the remainder when u is divided by 10?
9
Calculate the remainder when -15*(-55)/15 + -1 is divided by 16.
6
Let r(o) = 2*o**2 - 8*o. Calculate the remainder when r(7) is divided by 23.
19
What is the remainder when 9 is divided by -10*(-2)/6*(-369)/(-205)?
3
Let w(u) = -u**3 + 6*u**2 - 6. Let x be w(6). Let p(a) = -a**2 - 9*a - 4. Let z(y) = 6*y**2 - 1. What is the remainder when p(x) is divided by z(1)?
4
Let f = 153 - 90. Calculate the remainder when f is divided by 17.
12
Suppose 4*l - 770 = -7*l. Calculate the remainder when l is divided by 24.
22
Let l be 3/(-9) - 11/3. Let v = -1 - l. Suppose 0 = v*w - 8 + 2. Calculate the remainder when 3 is divided by w.
1
Let u(f) be the first derivative of f**3/3 - f**2 + 2*f - 2. Calculate the remainder when u(5) is divided by 6.
5
Let i(w) = w**3 - 20*w**2 + 4*w - 63. Calculate the remainder when 59 is divided by i(20).
8
Let h(m) = 0*m**3 + 5*m**2 + 0 + m**3 + 0 + 2. Let d be h(-5). Suppose 6*r - 68 = d*r. What is the remainder when r is divided by 6?
5
Let o(a) = -a**3 - 9*a**2 - 23. Calculate the remainder when o(-10) is divided by 16.
13
Suppose -12*s + 10*s = 2. Let y(n) = -11*n - 1. What is the remainder when 29 is divided by y(s)?
9
Suppose -4*s - s + 60 = 0. Suppose 0 = 7*z - 8*z + s. Suppose 4*m - 91 = 49. Calculate the remainder when m is divided by z.
11
Let i = 90 + -61. Calculate the remainder when 110 is divided by i.
23
Let o(h) = h**2 + 9*h + 11. What is the remainder when 21 is divided by o(-8)?
0
Suppose 6*c - 2*c = 28. Let j(l) = -l**3 + 7*l**2 + 5*l - 4. What is the remainder when j(c) is divided by 8?
7
Suppose -87 + 6 = -3*g. Calculate the remainder when 80 is divided by g.
26
Suppose 24 = 2*v + 8. What is the remainder when 23 is divided by 6/(-24) + 98/v?
11
Let t(q) = q**3 + 2. Let m be t(0). Suppose -184 = -3*s + 2*z - 35, 4*s + m*z = 222. Calculate the remainder when s is divided by 27.
26
Let v(q) = 16*q - 5. Let d(c) = 8*c - 2. Let l(m) = -7*d(m) + 3*v(m). Calculate the remainder when 28 is divided by l(-2).
13
Suppose -g + 3 + 7 = 3*m, 4*g = -m + 95. What is the remainder when 49 is divided by g?
24
Suppose -4*p + 0*v + 429 = -5*v, 2*p + 2*v = 228. What is the remainder when p is divided by 19?
16
Let b = 6 + -3. Suppose 7*m = b*m + 320. Suppose 4*f - 74 = -3*z - 2*z, 2*f = 4*z - m. Calculate the remainder when 52 is divided by z.
16
Calculate the remainder when 6 is divided by -7*3*2/(-21).
0
Let m(x) = x**3 + 7*x**2 - 3*x - 9. What is the remainder when 22 is divided by m(-7)?
10
Let j(h) = 19*h + 2. Suppose 0*a = 2*a - 2. What is the remainder when j(a) is divided by 12?
9
Let o(m) = -2*m**2 + 35*m - 5. Calculate the remainder when o(17) is divided by 7.
5
Let y be (6/4)/((-2)/40). Let w = -16 - y. Suppose 2*a - a - w = 0. What is the remainder when a is divided by 8?
6
Suppose 5*t + 2*m - 26 = -4, -t + 5 = m. Calculate the remainder when (-2)/(-5) + (-66)/(-10) is divided by t.
3
Suppose 3 = -u - c, -1 = -u + 3*c - 4. Let i be (10/u)/((-2)/6). Let z = i + -9. Calculate the remainder when 1 is divided by z.
0
Suppose -16 = -v - 5*o, v - o = o + 2. Let h(c) = -c**2 - 8*c - 5. What is the remainder when h(-5) is divided by v?
4
Let w(j) = -j**3 + 9*j**2 + 8*j - 3. What is the remainder when w(9) is divided by 14?
13
Let u = -21 + 43. Let p be (-1)/(2/66*-1). Suppose 4*s - p = v, -7*s = -3*s + 2*v - 30. What is the remainder when u is divided by s?
6
Suppose 2*x + 3*g + 10 = -2*g, 4*x + 52 = -2*g. Calculate the remainder when ((-186)/x)/(2/10) is divided by 16.
14
Suppose 236 - 54 = 2*b. What is the remainder when b is divided by 23?
22
Let v(y) = 2*y**2 + 6*y + 1. Suppose -100 = w - 5*w. Calculate the remainder when w is divided by v(-4).
7
Calculate the remainder when (10/(-15))/(6/(-153)) is divided by 6.
5
Let o = 458 - 252. Calculate the remainder when o is divided by 52.
50
Let b(n) = n**3 - 6*n**2 - 5*n - 1. Let r = 9 - 2. What is the remainder when 23 is divided by b(r)?
10
Let h be (-4)/(-2)*(-4)/(-2). Suppose -i - i + 14 = 5*k, h*k = 4*i. Suppose -5*o + 25 = 5*q, i*q = 3*o - 13 - 22. What is the remainder when 17 is divided by o?
8
Let n(w) = -9*w + 3. Let d be n(3). Let b = 19 - d. What is the remainder when b is divided by 11?
10
Suppose 5*t - c - 18 = 0, 10*t - 5*t - 2*c = 16. Suppose -3*g - 72 = -4*n - g, -n + t*g + 4 = 0. Calculate the remainder when 59 is divided by n.
19
Suppose 0 = -3*h - 3 + 15. Let d(w) = w**3 - 4*w**2 + w + 1. Let a(n) = -n - 5. Calculate the remainder when d(h) is divided by a(-8).
2
Suppose 8*q = q + 63. Calculate the remainder when 24 is divided by q.
6
Let l(d) = d**2 + 4*d + 2. Let s be l(-4). Suppose 0 = -3*x - 3*z + s*z + 9, -3*x - 3*z = -15. What is the remainder when x is divided by (3 - (-40)/(-15))*6?
0
Suppose -7*v + 90 = -2*v. Suppose -2*o + 5*m = -3*o - 11, 0 = 2*o + 2*m - v. What is the remainder when 26 is divided by o?
12
Suppose -2*b + 20 = 2*b. Let c = 9 + -6. What is the remainder when (c + 0)*(-14)/(-3) is divided by b?
4
Let p(q) = -21*q - 5. Suppose 2*f + 81 = 5*f. Calculate the remainder when p(-4) is divided by f.
25
Let i be (-3 + 3 - -2) + -1. Calculate the remainder when 26 is divided by (-1 - i)/(4/(-18)).
8
Let n(r) be the first derivative of r**2 + 13*r + 1. Calculate the remainder when n(12) is divided by 10.
7
Suppose -55 = -2*g + j, -79 = -4*g + 5*j + 46. What is the remainder when 147 is divided by g?
22
Let x(l) = -2*l - 10. Let s = -5 - 2. Calculate the remainder when x(s) is divided by 2.
0
Suppose 4*m + p = 10, -2*m - 5*p + 7 = -7. Let g = 10 - 6. Calculate the remainder when g is divided by m.
0
Suppose -42 = -p + 3*u + 2*u, -2*u - 95 = -5*p. Let v(